ose 0 = -a - 2, 2*r + 3*r + 5*a + 10 = 0. Suppose -5*u - 5*j - 45 = r, -5*u - 1 = -j + 38. What are the prime factors of (-388)/(-5) - u/20?
2, 3, 13
Let h be ((-1988)/(-16))/(((-30)/(-208))/(-15)). Suppose -3*k = k + 196. What are the prime factors of h/k - 2/(-7)?
2, 3, 11
Let i(k) = 11*k - 7. Let l(c) = -c**3 - 23*c**2 - 24*c - 46. Let f be l(-22). Let x be f/11 + -316*(-4)/176. List the prime factors of i(x).
2, 5, 7
Let c = 48250 - 24175. What are the prime factors of c?
3, 5, 107
Let p = 1224 + -231. Suppose -i - p = -2*w, 4*i + 2485 = 5*w + 2*i. What are the prime factors of w?
499
Let v(n) = -24*n - 6. Let m be (-39)/(-65) + 4/10. Suppose -5*r = 11 - m. List the prime factors of v(r).
2, 3, 7
Let n(x) = -4*x + 2. Let z be n(-1). Suppose -s = z*s + 931. Let y = 278 + s. What are the prime factors of y?
5, 29
What are the prime factors of 867/289 + (13639 - (-2 + 1))?
7, 1949
Suppose 7*d - 2*d - 50 = -3*o, 0 = -d + o + 18. Suppose -d*q = 6*q - 1805. What are the prime factors of q?
5, 19
Suppose 4*p + y + 113 = 1916, 2*p + 4*y = 898. Suppose -5603 + p = -32*l. List the prime factors of l.
7, 23
Let v(w) = 89*w**2 + 270*w - 1619. List the prime factors of v(6).
5, 641
Let n(m) = -3*m**3 + 30*m**2 + 3*m - 1332. What are the prime factors of n(-27)?
2, 3, 7, 631
Let d(a) = -109*a**3 + 6*a**2 + 6*a + 25. What are the prime factors of d(-5)?
2, 3, 5, 17
Suppose r = -2*j + 15, -5*j + 3*r = -7*j + 21. What are the prime factors of 24868/36 - j/(-27)?
691
Let v(z) = -60*z**3 - z + 2. Let o(w) = -61*w**3 - w**2 - 2*w + 3. Let j(g) = 3*o(g) - 4*v(g). What are the prime factors of j(2)?
3, 7
Let y be ((-2)/3)/(-1 - 5/(-6)). Suppose -3*g - y*l = -2742, -5*l = -6*g + 5*g + 914. What are the prime factors of g?
2, 457
Suppose -5*y = 16*v - 11*v - 5840, y - 1164 = 3*v. List the prime factors of y.
3, 389
Let k(l) = -l**3 + 17*l**2 - 11*l - 29. Let w be k(16). Let x = -42 + w. List the prime factors of 1212/x*24/16.
2, 101
Let c = 1845 + -993. Let m = 766 + c. List the prime factors of m.
2, 809
Let n(r) be the first derivative of r**3/3 + 2*r**2 + 8*r + 48. List the prime factors of n(-16).
2, 5
Suppose 2*q + 109522 = 5*o, -87614 = -257*o + 253*o - 2*q. What are the prime factors of o?
2, 37
Suppose -7*d - 6 - 8 = 0. What are the prime factors of 2 - (d/(-11) - (-28457)/(-121))?
3, 79
Let j = -397 + 623. Suppose -t + j + 93 = 0. List the prime factors of t.
11, 29
Suppose 29365 + 162239 - 31320 = 111*w. What are the prime factors of w?
2, 19
Let z(t) = 19*t**3 - 5*t**2 - 38*t + 170. Let r be z(4). Let g = r - 640. List the prime factors of g.
2, 257
Let c be ((-20)/(-25))/((-10)/(-125)). List the prime factors of c*((-22)/(-4) - (-36)/(-9)).
3, 5
Let k = 10016 - -520. What are the prime factors of k?
2, 3, 439
Let m(o) = 253*o - 51. Let r(d) = 2*d - 12. Let h be r(8). List the prime factors of m(h).
31
Let x(k) = -62*k**2 + 3*k + 7. Let d be x(-2). Suppose -3*b = 5*c + 297, 100 - 298 = 2*b - 2*c. Let i = b - d. What are the prime factors of i?
2, 37
Let s(w) = -262*w - 223. What are the prime factors of s(-25)?
3, 19, 37
List the prime factors of ((-144420)/(-33) - 12/33)/((-1)/(-4)).
2, 547
Let c = -593 - -597. What are the prime factors of (c/8)/(2/3064)?
2, 383
Let v = 21 - -24. Suppose -v = -2*k + 57. List the prime factors of (-34)/k*(-164 + -1).
2, 5, 11
Suppose 24*g = 27*g + 3*t - 252, t + 78 = g. Suppose 24*j - 1065 + g = 0. What are the prime factors of j?
41
Suppose 15*r - 3690 = 11*r + 3*o, 3*r - 2753 = -5*o. List the prime factors of r.
3, 307
Let y = 84 + -82. Suppose -4*t - y*t + 1800 = 0. Suppose 0 = 8*a - 3*a - t. List the prime factors of a.
2, 3, 5
Suppose v = 2*c + 15 + 46, 0 = -3*v - 2*c + 223. Suppose -15 = 2*x - v. List the prime factors of x.
2, 7
Let u = -1775 - -10055. List the prime factors of u.
2, 3, 5, 23
Let p(w) = -10*w - 21. Let o be p(0). List the prime factors of 5 - (5610/(-7) + 12/o).
3, 269
Suppose -7 - 21 = -7*d. Suppose 0 = d*w - 6*w. Let z = w + 13. What are the prime factors of z?
13
Suppose 8 - 88 = -5*p. Let b = p + -12. Suppose -3*m + 108 = b*o, 2*m - 2*o + 34 = 3*m. What are the prime factors of m?
2, 5
Let q(c) = 125*c + 4. Let g(w) = w**3 - 4*w**2 + 4*w - 10. Let j be g(4). Suppose 2 = -4*h + j. List the prime factors of q(h).
3, 43
Let f(j) be the second derivative of 41*j**5/60 + j**4/8 + 2*j**3/3 + 25*j. Let d(x) be the second derivative of f(x). What are the prime factors of d(1)?
5, 17
Let l(u) = 30*u + 56. Let r(d) = d. Let g(t) = -l(t) - 3*r(t). List the prime factors of g(-15).
439
Suppose -2*c = -2, 5*m + 2*c - 40 = -3*c. Suppose -p = -5*w + 1471, -m*w = -8*w + 4*p + 298. What are the prime factors of w?
2, 3, 7
Let t(p) = 2*p + 32. Let w be t(-11). What are the prime factors of ((-632)/12)/(w/(-15))?
79
Let t(y) = 506*y - 186. List the prime factors of t(16).
2, 5, 7, 113
Let s be ((-4 + 3)*4043)/(-1). Let w = s - 2351. What are the prime factors of w?
2, 3, 47
Let b be 6*(-22)/55*15/12. Let a(t) = -68*t**3 - 4*t**2 - 18*t - 12. List the prime factors of a(b).
2, 3, 307
Let x(l) = -l**3 - 55*l**2 - 38*l + 68. List the prime factors of x(-55).
2, 13, 83
Suppose 23 = 7*h - 31*h + 383. Let n = 29 + -9. List the prime factors of 1467/h - 4/n*-1.
2, 7
Suppose -1008 = -0*p - 4*p. Let a be (-4 - 11) + 4 + -106. Let q = p + a. What are the prime factors of q?
3, 5
Let q(d) = 31*d - 146. Let y(r) = 15*r - 76. Let t(a) = 2*q(a) - 5*y(a). List the prime factors of t(-11).
3, 7, 11
Let m(t) be the third derivative of t**5/4 - t**4/24 - 2*t**3 - 4*t**2 + 3. List the prime factors of m(5).
2, 179
Suppose -404*z + 319*z + 1933920 = 0. What are the prime factors of z?
2, 3, 79
Let d = 13680 + -5347. What are the prime factors of d?
13, 641
Suppose 69 = 18*t - 3. Suppose c - 4*q = 238, -1024 = -t*c + 2*q - 4*q. What are the prime factors of c?
2, 127
Suppose 2*o - 77732 = -4*w, -o = -w - 3027 + 22454. What are the prime factors of w?
3, 17, 127
List the prime factors of 2574/(-312)*28624/(-12).
11, 1789
Let f(b) = -169*b**3 - b**2 + 2. Let g be f(-1). Let u = g + -303. Let i = 227 + u. What are the prime factors of i?
2, 47
Let z be (1 - -3)/((21/(-3))/182). Let u = -160 - z. Let d = u + 199. What are the prime factors of d?
11, 13
Let i = 54515 + -37897. List the prime factors of i.
2, 7, 1187
Let u be (-23430)/(-14) + 24/56. Let q = u - 939. What are the prime factors of q?
3, 5, 7
Suppose 2*p = 2*n + 26, -2*p - n + 29 = -12. Suppose 82 + p = w. What are the prime factors of w?
2, 5
Let l = 17063 + -8181. List the prime factors of l.
2, 4441
Suppose 3*s + 10 = -2*s, 2*j - s - 10 = 0. Suppose -14*b + 12*b = -j. Suppose -b*z - 4*v + 212 = 0, -5*z + 2*v - 51 = -557. What are the prime factors of z?
2, 3, 17
Let u = 744 - 713. Suppose -1872 = 19*n - u*n. What are the prime factors of n?
2, 3, 13
Let d(u) = -u**3 + 10*u**2 - u - 11. Let h be d(9). Let j = h - 31. Let m = -19 + j. What are the prime factors of m?
11
Let t(g) = 37*g**3 - 5*g**2 - 45*g + 25. Let i(z) = -13*z**3 + 2*z**2 + 15*z - 8. Let w(r) = -17*i(r) - 6*t(r). List the prime factors of w(-8).
2, 61
Let w be (-1 - (-4 - 2)) + 4. Let z(x) = x**3 - 9*x**2 + 7*x - 7. Let v be z(w). Suppose -4*l + 240 = -v. List the prime factors of l.
2, 37
Let w be 750/400 - 2/(-16). Let h(f) = 83*f**3 - 3*f**2 - 5*f + 5. List the prime factors of h(w).
647
Let c be (-3936)/40 + 6/15. Let o = 1049 + c. List the prime factors of o.
3, 317
Let s = -5507 - -12995. List the prime factors of s.
2, 3, 13
Let z(q) = 3*q - 14. Let t be z(3). What are the prime factors of 1 - ((-1)/t - 5603/65)?
3, 29
Let c = -167 + 246. Suppose -c = -2*d + 441. Suppose 0 = 6*u - 148 - d. List the prime factors of u.
2, 17
Suppose 99*p - 338074 = 303248. What are the prime factors of p?
2, 41, 79
Suppose o = 5*o - 89172. Suppose -1915 = 23*q - o. What are the prime factors of q?
2, 443
Suppose 252*c - 335*c - 786439 + 5627331 = 0. List the prime factors of c.
2, 7, 2083
Suppose -16 = -4*i, 3*f + 2 = -0*i + 2*i. Suppose 15 = s - f*h, s + h + 30 = 3*s. What are the prime factors of 3/s + -2 + (-552)/(-15)?
5, 7
Suppose 3*t = 29*t. Let c(n) = -21*n + 359. List the prime factors of c(t).
359
Let p(g) = -g**3 + 8*g**2 + 3*g - 15. Let j be p(7). Let l = j + -15. List the prime factors of (-122)/(-